 (-690)/(-4)*q/(-9). Calculate the greatest common divisor of p and w.
23
Suppose -522 = -54*q + 25*q. What is the highest common divisor of q and 24?
6
Let f = 208 + 692. What is the greatest common factor of f and 36?
36
Suppose u + 0*u + 3*j - 11 = 0, -j = -u + 27. Suppose 3*d - 151 = u. Suppose -5*v + d = -o, 3*v + 5*o = 23 - 5. What is the highest common factor of 99 and v?
11
Suppose 20*w = 35*w - 150. Let f = -45 - -135. Calculate the greatest common divisor of f and w.
10
Let r be 1878/42 - (-4)/14. Let c be (-9)/(r/(-20)) - 1. Suppose 2*z - c*z = -2. Calculate the highest common divisor of z and 6.
2
Let t(c) = -c**3 + 12*c**2 - 25*c - 16. Let g be t(9). Suppose 3*v = 4*v. Suppose -28 = -2*s - v*s. What is the highest common factor of g and s?
2
Let y be ((-1)/(-3))/(2/6). Suppose 45 + 893 = 134*t. Calculate the greatest common factor of t and y.
1
Let d(z) = -z**2 - z + 28. Let y be d(0). Suppose o + 4*o + 5*p - 5 = 0, 0 = -4*o + p + 19. What is the highest common divisor of o and y?
4
Suppose -394 = 4*y - 410. What is the greatest common factor of y and 404?
4
Let l(a) = -a**2 - a. Let s be l(0). Let v(t) = -t + 12. Let n be v(s). Calculate the highest common factor of 6 and n.
6
Suppose 3*t - 3*z - 20 = -5, 5*t - 35 = -5*z. Calculate the greatest common factor of 106 and t.
2
Let b(x) = -x + 2. Let a be b(-4). Suppose -5*u + 5*r + 125 = 0, 2*u = -2*u + 3*r + 99. Let t be 4 + u + 0 + -4. Calculate the highest common factor of a and t.
6
Let x(s) = s + 17. Let v be x(-9). What is the highest common divisor of 200 and v?
8
Let t(a) = 8*a - 13. Let h be t(2). Suppose -h*g = -62 - 49. Calculate the highest common factor of 296 and g.
37
Let v be (516/10)/(16/40). What is the highest common divisor of v and 86?
43
Suppose 3896 + 5230 = 13*h. Calculate the greatest common factor of 26 and h.
26
Suppose 0*m - 4*m = -20. Suppose -5*d = 0, -3*a + m*d + 14 = 2. Calculate the greatest common factor of 6 and a.
2
Suppose -21*q = -32*q + 1089. Calculate the highest common divisor of q and 11.
11
Let s(p) = -18*p**3 - p**2 + p + 1. Let c be s(-1). Let a = -304 - 67. Let m = -218 - a. What is the highest common factor of c and m?
17
Let z be ((-99)/(-44))/(3/8). Let j(t) = -t**3 + 6*t**2 + 3*t - 13. Let u be j(z). Suppose -u*l = -3*l - 252. Calculate the greatest common factor of l and 18.
18
Suppose -2*k - 3*v = -425, -5*k - 4*v + 1045 = -0*v. Calculate the greatest common divisor of 5 and k.
5
Let h(i) = 3*i**2 - 10*i - 29. Let f be h(-7). Let v = f - 8. Calculate the highest common factor of v and 18.
18
Suppose 5*c + w - 19 = c, -5*c = 3*w - 29. Suppose 0*k = c*k - 364. Calculate the greatest common divisor of 13 and k.
13
Let h = 896 - 679. Calculate the highest common divisor of h and 279.
31
Suppose 199 + 473 = 7*t. Let z = -1 + 13. Calculate the highest common factor of z and t.
12
Suppose -189 = -213*w + 192*w. Let i = -32 + 50. Calculate the highest common factor of i and w.
9
Let x be (21/1)/((-39)/(-182)). Suppose -4 = -j - 4*t + 15, 5*j = -3*t + 61. Suppose 3 = y - j. What is the greatest common factor of x and y?
14
Let g be (-3)/6 - (-3791)/34. Calculate the highest common divisor of 3 and g.
3
Let r(a) = -a**3 + 0*a - 4 + 10*a**2 + 4 - 4*a. Let j be r(9). Suppose -12*g + 23*g = 55. Calculate the highest common divisor of j and g.
5
Let n(f) = -2*f**2 - 34*f + 5. Let c be n(-17). Suppose 0*q + z = 4*q - 34, c*z + 17 = 3*q. Calculate the highest common factor of q and 54.
9
Let s be (-66)/(-7)*(-182)/(-26). Calculate the highest common factor of s and 946.
22
Let n(f) = -f**3 + 13*f**2 + 2*f - 28. Let w be n(12). Calculate the highest common divisor of 105 and w.
35
Let u be (-2)/((-60)/16 - -4). Let x be 3 - (8 + -1) - u. Suppose 2*b = -4*c + 32, -3*c - 10 + 39 = x*b. Calculate the greatest common factor of 49 and c.
7
Let t(i) = -i**3 - 17*i**2 + 38*i + 29. Let s be t(-19). What is the highest common factor of 464 and s?
29
Let z = 9 - 6. Suppose 0 = -4*q + 4*c - 192, 3*q + z*c + 104 = -16. Let p be 6/10 + q/(-10). Calculate the highest common factor of 55 and p.
5
Suppose -5*l + 4 = 14. Let z be (-1)/(l/12*3). Let v be (0 - z)*5*-4. What is the highest common factor of 8 and v?
8
Let i(r) = 2*r**2 - r + 3. Let u be i(-9). Let t = -9 + u. Calculate the greatest common divisor of 33 and t.
33
Let j(p) = -p**3 - p - 2. Let k be j(-2). Let z = 246 + -110. Calculate the greatest common divisor of k and z.
8
Suppose -3*j = -13 - 2. Suppose -11 = -2*t + j. Calculate the greatest common factor of t and 20.
4
Let z = -47 + 57. What is the greatest common factor of z and 20?
10
Suppose -10*c - 80*c + 40500 = 0. What is the greatest common factor of c and 72?
18
Let y(w) = -w**3 + 17*w**2 - 15*w - 78. Let i be y(14). Calculate the highest common divisor of 60 and i.
60
Let o(h) = h**3 - 4*h**2 - 6*h + 7. Let q be o(5). Let x be q + -5 + 16 + 1. What is the highest common factor of 182 and x?
14
Suppose 4*n - 18*l - 1336 = -22*l, -2*l = -n + 331. Calculate the greatest common factor of 36 and n.
9
Let g(b) = -4*b**2 - 79*b + 50. Let f be g(-20). What is the highest common divisor of f and 1455?
15
Let z(l) = -l + 3. Let c be z(-1). Suppose 0 = 2*r, 17*v - 13*v + c*r = 120. Calculate the highest common factor of v and 105.
15
Let m(d) = -d**3 + 5*d**2 + 8*d - 6. Let r be m(6). Suppose r*u + 78 = 9*u. What is the greatest common factor of 130 and u?
26
Suppose -1249 = -14*t - 801. Let n be (-319)/(-4) - 3/(-12). What is the highest common factor of n and t?
16
Suppose 10 + 2 = 3*l. Let b(s) = 6*s - 15. Let i be b(l). Let w(y) = y**3 + 7*y**2 + 7*y + 15. Let t be w(-6). Calculate the greatest common factor of t and i.
9
Let c(d) = 3*d + 12. Let g be c(-4). Suppose g = 6*j - 2*j - 4. What is the highest common divisor of 4 and j?
1
Suppose 0 = -5*x - 10*x + 120. What is the greatest common divisor of x and 72?
8
Let t(q) = q + 1. Let d be t(-10). Let h = 39 + d. Let o be 2/3 - (-790)/h. Calculate the highest common factor of o and 18.
9
Let b(s) = 23*s - 18. Let z be b(2). What is the greatest common factor of 196 and z?
28
Let n be ((-6)/18)/(1 - (-38)/(-36)). Calculate the highest common factor of n and 1968.
6
Let h(d) = -d**3 + 19*d**2 - d + 20. Let y be h(19). Let j be 2 - (0 + -56 + y). What is the greatest common divisor of j and 38?
19
Let g = 160 - 150. What is the greatest common factor of g and 30?
10
Let z(t) = -t**3 + 4*t**2 + 14*t - 15. Let h be z(6). Let r = 13 + h. What is the highest common divisor of 2 and r?
2
Let u(b) = b**3 + 3*b**2 - 25*b - 29. Let s be u(-6). What is the greatest common divisor of 2 and s?
1
Let k be ((-1160)/435)/(2/(-33)). What is the greatest common factor of 242 and k?
22
Let a = 12 + 58. Let c be 12930/a - 2/(-7). Suppose -2*k + 160 = 2*v, 3*k - 4*v - 55 - c = 0. What is the greatest common divisor of k and 32?
16
Let l be (-4 + 1)*(0 + (-44)/6). What is the highest common factor of 11 and l?
11
Let r = 108 - 71. Suppose d + r = -14. Let u = d + 87. What is the highest common divisor of 24 and u?
12
Suppose 3*m = -2*u + 89, -17*u + 5*m + 25 = -16*u. Calculate the highest common divisor of u and 40.
40
Let q be ((-90)/(-9))/50 + 396/20. Let t be 4*-25*(-1 + 0). Let z = t - 0. What is the highest common divisor of q and z?
20
Suppose 5*g + 69 = 2*k + 173, 2*g + k = 38. Let a = g - -4. What is the highest common divisor of a and 8?
8
Suppose -1368 = -15*x + 3*x. Calculate the highest common factor of x and 171.
57
Let s = 64 - -33. Suppose 5*j - x = s - 20, -j + 5*x = -25. What is the highest common divisor of j and 3?
3
Let z be (1/(-3))/((-1)/6). Suppose 4*l - 58 + 10 = -z*x, 4*x - 132 = l. What is the highest common divisor of 16 and x?
16
Let l = -84 + 186. Suppose 15332*w - 15313*w - 646 = 0. Calculate the highest common factor of w and l.
34
Let c = 186 + -118. Calculate the greatest common factor of c and 12.
4
Let l = -33 + 53. Let k(t) = 9*t + 13. Let c be k(-4). Let q(m) = -m**3 - 22*m**2 + 15*m - 24. Let f be q(c). Calculate the greatest common divisor of f and l.
20
Suppose -5*w = -g + 3, 6*w - 5*g = w - 15. Let u = 69 - w. Calculate the greatest common divisor of u and 23.
23
Let y be (15/4 + -3)*(2 + 2). Suppose -k + 3*m + 205 = 0, -621 = 2*k - 5*k + y*m. What is the highest common divi